In base 9, what is 54340238 + -1?
54340237
In base 15, what is 1 - 5630a82?
-5630a81
In base 10, what is -1997 - 4332?
-6329
In base 9, what is 25380 - 3771?
21508
In base 9, what is -6 + 1250702?
1250685
In base 9, what is -558064 - -32?
-558032
In base 15, what is 2 - -2a772ba?
2a772bc
In base 4, what is -1111032233 + -22?
-1111032321
In base 8, what is -35 + 365041?
365004
In base 2, what is 1010111011101011010110 - -101?
1010111011101011011011
In base 3, what is -2200112002 - 10110?
-2200122112
In base 3, what is -1201221020011 - 100020?
-1201221120101
In base 12, what is -b02 + 4a90?
3b8a
In base 2, what is 1 - 101111011101101000001101001?
-101111011101101000001101000
In base 11, what is 166125 - 547?
165689
In base 16, what is -3 - -2d3ffa?
2d3ff7
In base 5, what is -1112441 + -212?
-1113203
In base 4, what is 11000022011111 + 12?
11000022011123
In base 13, what is 12a243 + 8cc?
12ab42
In base 7, what is -1134433 - -2524?
-1131606
In base 13, what is 9 - -1c46198?
1c461a4
In base 16, what is 2b + -1889de?
-1889b3
In base 5, what is -1 - 132321420?
-132321421
In base 4, what is -2032 + -21221213033?
-21221221131
In base 13, what is 352 + -28277?
-27c25
In base 2, what is -11011011110010 + -101001?
-11011100011011
In base 10, what is 2 + -139553383?
-139553381
In base 2, what is 100100001000010111000001000 - -1?
100100001000010111000001001
In base 3, what is 12 + -201102011002121?
-201102011002102
In base 11, what is -1710 - 88?
-1798
In base 5, what is 222101 + 1133401?
1411002
In base 11, what is 2397 - 14269?
-11982
In base 16, what is -add + -34f?
-e2c
In base 9, what is -3664358404 + 0?
-3664358404
In base 3, what is 112010011012 - 2112?
112010001200
In base 8, what is -3732 + 407344?
403412
In base 2, what is -10110111100 + -1110110001001?
-10001101000101
In base 9, what is 20531 + -1268?
18252
In base 16, what is -bce4 - 147?
-be2b
In base 7, what is -6 + 116641326?
116641320
In base 2, what is -1001010011 - -1111100100110?
1110011010011
In base 3, what is -120202 + 1022011011?
1021120102
In base 3, what is -222120021121201 + -12?
-222120021121220
In base 2, what is 10001001010110101 + -1101001?
10001001001001100
In base 15, what is -7 + bd?
b6
In base 2, what is 1001101010 - 10101101100100?
-10100011111010
In base 4, what is -3130030112102 - -13?
-3130030112023
In base 9, what is 1 + -176154436?
-176154435
In base 7, what is -55560540 - -4?
-55560533
In base 2, what is 1101011110001110111000110 - 10100?
1101011110001110110110010
In base 4, what is 12311022 - 230?
12310132
In base 12, what is -1515b484 - 4?
-1515b488
In base 9, what is 338157 + 637?
338805
In base 3, what is -1101101222102 + 211?
-1101101221121
In base 2, what is 0 + 100000000001110011?
100000000001110011
In base 16, what is 0 - -3676dc?
3676dc
In base 16, what is 88 + 2e32?
2eba
In base 15, what is -9 + -41030?
-41039
In base 9, what is -212165 + 33?
-212132
In base 13, what is 638b0 + -a1?
6380c
In base 16, what is 47a71a - 0?
47a71a
In base 14, what is 5c + 1048568?
10485c6
In base 3, what is -2 + 110121220111020?
110121220111011
In base 9, what is -437021 + 1763?
-435147
In base 10, what is 18854 + -6023?
12831
In base 15, what is -c55 + -19368?
-1a0bd
In base 9, what is -63763346 - -2?
-63763344
In base 16, what is c + -1277d8?
-1277cc
In base 13, what is 6 + 41c9b7b?
41c9b84
In base 13, what is 10c + -1672b?
-1661c
In base 6, what is 30434310 + 20?
30434330
In base 10, what is 40746 + 374?
41120
In base 15, what is 45113 - 211?
44e02
In base 12, what is ba - -62328?
62426
In base 13, what is -c558 + -76a0?
-16c28
In base 13, what is 16 + 16a8c76?
16a8c8c
In base 5, what is 24 - -2104200?
2104224
In base 9, what is 333675 - -14?
333700
In base 12, what is -2 + -170398b?
-1703991
In base 14, what is -17c108 - 5?
-17c10d
In base 15, what is 4e5c6 + -28?
4e59d
In base 7, what is 24051254 - 6?
24051245
In base 2, what is -11 + 1010011101011100000001?
1010011101011011111110
In base 15, what is -701 - 288ba?
-290bb
In base 3, what is 1 + 102120120002102?
102120120002110
In base 11, what is 25 - -460181?
4601a6
In base 2, what is -1101000001010011 - -1110001101?
-1100110011000110
In base 3, what is 1020 - 11000020022222?
-11000020021202
In base 5, what is 100440022 + -41243?
100343224
In base 11, what is 186878a + 5?
1868794
In base 9, what is 14682 + -213?
14468
In base 10, what is -5 - 475042?
-475047
In base 7, what is -2050 + 526554?
524504
In base 8, what is 123732615 + 0?
123732615
In base 5, what is 4 + 200130342?
200130401
In base 12, what is -5 + 664b852?
664b849
In base 10, what is 3 + -136970061?
-136970058
In base 10, what is 870563 + 131?
870694
In base 12, what is -9aa9a8 + 20?
-9aa988
In base 11, what is -276368 - 606?
-276973
In base 15, what is 4 - 2eaa282?
-2eaa27d
In base 14, what is -13cc - -5cd?
-bdd
In base 12, what is 341 - -20218?
20559
In base 16, what is -10 - 292bf7?
-292c07
In base 14, what is -2 - c9945a?
-c9945c
In base 3, what is 11 + 200212210011211?
200212210011222
In base 8, what is 24 - -17125226?
17125252
In base 15, what is 251 - 18e622?
-18e3c1
In base 4, what is -22 - -21321330331123?
21321330331101
In base 10, what is -2150 - 3374?
-5524
In base 10, what is -39 + -334785?
-334824
In base 15, what is -5 - 83bba?
-83bc0
In base 2, what is 11 - 10111010010010101000010?
-10111010010010100111111
In base 10, what is 356 - 18206?
-17850
In base 13, what is 1 - ca76aa7?
-ca76aa6
In base 9, what is -15 + -620645?
-620661
In base 6, what is 3032401351 + 3?
3032401354
In base 9, what is -66751472 + -5?
-66751477
In base 15, what is 324c12 + -1?
324c11
In base 9, what is -2 - 112114631?
-112114633
In base 4, what is 2220 + 1310331120?
1311000000
In base 2, what is 1 + -110010100000011000111?
-110010100000011000110
In base 14, what is 3abb4a0 + 5?
3abb4a5
In base 14, what is 8b630d + -3?
8b630a
In base 11, what is -64 - 514104?
-514168
In base 16, what is -bd5be - 4c?
-bd60a
In base 10, what is -248 + 33524?
33276
In base 14, what is 0 - -318311?
318311
In base 3, what is 1112010202222100 + -2?
1112010202222021
In base 16, what is -3af2 - 14b?
-3c3d
In base 10, what is -1124110 + -860?
-1124970
In base 10, what is -8 - 486495?
-486503
In base 6, what is 25435143 - 11?
25435132
In base 4, what is -2223210 - 130213?
-3020023
In base 4, what is 10 + -11303313321?
-11303313311
In base 10, what is 16316 + -16607?
-291
In base 8, what is -3 + 17522014?
17522011
In base 15, what is -e5 + 6e13?
6d1d
In base 14, what is 1d + -254499?
-25447a
In base 13, what is -241a - -8a1?
-1849
In base 16, what is 4 + -6e71c4?
-6e71c0
In base 11, what is -3 - 1300954?
-1300957
In base 11, what is -651 - -1a?
-632
In base 4, what is 231202100303 + 3?
231202100312
In base 6, what is -2023 - 3523?
-5550
In base 9, what is 4602 - 10462?
-4760
In base 5, what is -32 + 42240124?
42240042
In base 9, what is 267186623 - -2?
267186625
In base 10, what is -3449320 + 5?
-3449315
In base 3, what is 200120 - 121120011?
-120212121
In base 9, what is -148 - 578875?
-580134
In base 10, what is -10611397 - 2?
-10611399
In base 12, what is -123825 - -3a5?
-123440
In base 12, what is -2206a36 - -22?
-2206a14
In base 9, what is 7778483 + 72?
7778565
In base 7, what is 6564 - -2101361?
2111255
In base 11, what is -322943 - 97?
-322a2a
In base 11, what is 4aa4 + 564?
5558
In base 13, what is b3c8a - 2b8?
b39a2
In base 11, what is -133 - -27181?
27049
In base 14, what is -36d + 2562d5?
255d66
In base 3, what is 222021011121 + 1211?
222021020102
In base 3, what is 201 + 102210020011121?
102210020012022
In base 6, what is 5 + 444201354?
444201403
In base 5, what is -2 + -22210201214?
-22210201221
In base 10, what is 2597 - -24032?
26629
In base 9, what is -26274083 - 14?
-26274107
In base 10, what is 8659706 - 4?
8659702
In base 10, what is -1132 + 10471?
9339
In base 8, what is 20320754 + -161?
20320573
In base 7, what is 10452 - -6312?
20064
In base 4, what is 103123 - -3331020?
10100203
In base 5, what is 23 + -2021001214?
-2021001141
In base 16, what is -16 + -eae97?
-eaead
In base 12, what is -65 - -65a435?
65a390
In base 10, what is 2 - -4018894?
4018896
In base 6, what is -1150 + -11114422?
-11120012
In base 3, what is -112022110 - -1002110?
-111020000
In base 2, what is 11 - 